[INFO] cloning repository https://github.com/NPIPHI/WordleSolve
[INFO] running `Command { std: "git" "-c" "credential.helper=" "-c" "credential.helper=/workspace/cargo-home/bin/git-credential-null" "clone" "--bare" "https://github.com/NPIPHI/WordleSolve" "/workspace/cache/git-repos/https%3A%2F%2Fgithub.com%2FNPIPHI%2FWordleSolve", kill_on_drop: false }`
[INFO] [stderr] Cloning into bare repository '/workspace/cache/git-repos/https%3A%2F%2Fgithub.com%2FNPIPHI%2FWordleSolve'...
[INFO] running `Command { std: "git" "rev-parse" "HEAD", kill_on_drop: false }`
[INFO] [stdout] 7949cd5f856680de605adb182bfecf85de858f76
[INFO] checking NPIPHI/WordleSolve against master#e6e4f7ed1589e03bc2f6c5931c1a72e7947e8682 for beta-170-4
[INFO] running `Command { std: "git" "clone" "/workspace/cache/git-repos/https%3A%2F%2Fgithub.com%2FNPIPHI%2FWordleSolve" "/workspace/builds/worker-7-tc2/source", kill_on_drop: false }`
[INFO] [stderr] Cloning into '/workspace/builds/worker-7-tc2/source'...
[INFO] [stderr] done.
[INFO] validating manifest of git repo https://github.com/NPIPHI/WordleSolve on toolchain e6e4f7ed1589e03bc2f6c5931c1a72e7947e8682
[INFO] running `Command { std: CARGO_HOME="/workspace/cargo-home" RUSTUP_HOME="/workspace/rustup-home" "/workspace/cargo-home/bin/cargo" "+e6e4f7ed1589e03bc2f6c5931c1a72e7947e8682" "metadata" "--manifest-path" "Cargo.toml" "--no-deps", kill_on_drop: false }`
[INFO] started tweaking git repo https://github.com/NPIPHI/WordleSolve
[INFO] finished tweaking git repo https://github.com/NPIPHI/WordleSolve
[INFO] tweaked toml for git repo https://github.com/NPIPHI/WordleSolve written to /workspace/builds/worker-7-tc2/source/Cargo.toml
[INFO] crate git repo https://github.com/NPIPHI/WordleSolve already has a lockfile, it will not be regenerated
[INFO] running `Command { std: CARGO_HOME="/workspace/cargo-home" RUSTUP_HOME="/workspace/rustup-home" "/workspace/cargo-home/bin/cargo" "+e6e4f7ed1589e03bc2f6c5931c1a72e7947e8682" "fetch" "--manifest-path" "Cargo.toml", kill_on_drop: false }`
[INFO] running `Command { std: "docker" "create" "-v" "/var/lib/crater-agent-workspace/builds/worker-7-tc2/target:/opt/rustwide/target:rw,Z" "-v" "/var/lib/crater-agent-workspace/builds/worker-7-tc2/source:/opt/rustwide/workdir:ro,Z" "-v" "/var/lib/crater-agent-workspace/cargo-home:/opt/rustwide/cargo-home:ro,Z" "-v" "/var/lib/crater-agent-workspace/rustup-home:/opt/rustwide/rustup-home:ro,Z" "-e" "SOURCE_DIR=/opt/rustwide/workdir" "-e" "CARGO_TARGET_DIR=/opt/rustwide/target" "-e" "CARGO_HOME=/opt/rustwide/cargo-home" "-e" "RUSTUP_HOME=/opt/rustwide/rustup-home" "-w" "/opt/rustwide/workdir" "-m" "1610612736" "--user" "0:0" "--network" "none" "ghcr.io/rust-lang/crates-build-env/linux@sha256:19e73879b68f455e41552ea35293514db52ea292d993f571636dbffedb77a1ee" "/opt/rustwide/cargo-home/bin/cargo" "+e6e4f7ed1589e03bc2f6c5931c1a72e7947e8682" "metadata" "--no-deps" "--format-version=1", kill_on_drop: false }`
[INFO] [stdout] e85ee3547b318900ed866da37b9cd2ed73fb152c19b263acc06937453fccbf7a
[INFO] running `Command { std: "docker" "start" "-a" "e85ee3547b318900ed866da37b9cd2ed73fb152c19b263acc06937453fccbf7a", kill_on_drop: false }`
[INFO] running `Command { std: "docker" "inspect" "e85ee3547b318900ed866da37b9cd2ed73fb152c19b263acc06937453fccbf7a", kill_on_drop: false }`
[INFO] running `Command { std: "docker" "rm" "-f" "e85ee3547b318900ed866da37b9cd2ed73fb152c19b263acc06937453fccbf7a", kill_on_drop: false }`
[INFO] [stdout] e85ee3547b318900ed866da37b9cd2ed73fb152c19b263acc06937453fccbf7a
[INFO] running `Command { std: "docker" "create" "-v" "/var/lib/crater-agent-workspace/builds/worker-7-tc2/target:/opt/rustwide/target:rw,Z" "-v" "/var/lib/crater-agent-workspace/builds/worker-7-tc2/source:/opt/rustwide/workdir:ro,Z" "-v" "/var/lib/crater-agent-workspace/cargo-home:/opt/rustwide/cargo-home:ro,Z" "-v" "/var/lib/crater-agent-workspace/rustup-home:/opt/rustwide/rustup-home:ro,Z" "-e" "SOURCE_DIR=/opt/rustwide/workdir" "-e" "CARGO_TARGET_DIR=/opt/rustwide/target" "-e" "CARGO_INCREMENTAL=0" "-e" "RUST_BACKTRACE=full" "-e" "RUSTFLAGS=--cap-lints=forbid" "-e" "RUSTDOCFLAGS=--cap-lints=forbid" "-e" "CARGO_HOME=/opt/rustwide/cargo-home" "-e" "RUSTUP_HOME=/opt/rustwide/rustup-home" "-w" "/opt/rustwide/workdir" "-m" "1610612736" "--user" "0:0" "--network" "none" "ghcr.io/rust-lang/crates-build-env/linux@sha256:19e73879b68f455e41552ea35293514db52ea292d993f571636dbffedb77a1ee" "/opt/rustwide/cargo-home/bin/cargo" "+e6e4f7ed1589e03bc2f6c5931c1a72e7947e8682" "check" "--frozen" "--all" "--all-targets" "--message-format=json", kill_on_drop: false }`
[INFO] [stdout] acda74a3c7e4ee0f73453e2be34a64b79d00dc48984f82ba4c28b847a2be48cb
[INFO] running `Command { std: "docker" "start" "-a" "acda74a3c7e4ee0f73453e2be34a64b79d00dc48984f82ba4c28b847a2be48cb", kill_on_drop: false }`
[INFO] [stderr]    Compiling crossbeam-utils v0.8.6
[INFO] [stderr]    Compiling libc v0.2.117
[INFO] [stderr]     Checking crossbeam-epoch v0.9.6
[INFO] [stderr]     Checking crossbeam-channel v0.5.2
[INFO] [stderr]     Checking crossbeam-deque v0.8.1
[INFO] [stderr]     Checking num_cpus v1.13.1
[INFO] [stderr]     Checking rayon-core v1.9.1
[INFO] [stderr]     Checking rayon v1.5.1
[INFO] [stderr]     Checking WordleSolve v0.1.0 (/opt/rustwide/workdir)
[INFO] [stdout] error[E0599]: no method named `lanes_ge` found for struct `Simd` in the current scope
[INFO] [stdout]   --> src/guess_matcher.rs:95:20
[INFO] [stdout]    |
[INFO] [stdout] 95 |         if !counts.lanes_ge(self.min_counts).all()
[INFO] [stdout]    |                    ^^^^^^^^ help: there is a method with a similar name: `lanes`
[INFO] [stdout] 
[INFO] [stdout] 
[INFO] [stdout] error[E0599]: no method named `lanes_ge` found for struct `Simd` in the current scope
[INFO] [stdout]   --> src/guess_matcher.rs:95:20
[INFO] [stdout]    |
[INFO] [stdout] 95 |         if !counts.lanes_ge(self.min_counts).all()
[INFO] [stdout]    |                    ^^^^^^^^ help: there is a method with a similar name: `lanes`
[INFO] [stdout] 
[INFO] [stdout] 
[INFO] [stdout] error[E0599]: no method named `lanes_le` found for struct `Simd` in the current scope
[INFO] [stdout]   --> src/guess_matcher.rs:96:23
[INFO] [stdout]    |
[INFO] [stdout] 96 |             | !counts.lanes_le(self.max_counts).all() {
[INFO] [stdout]    |                       ^^^^^^^^ help: there is a method with a similar name: `lanes`
[INFO] [stdout] 
[INFO] [stdout] 
[INFO] [stdout] error[E0599]: no method named `lanes_le` found for struct `Simd` in the current scope
[INFO] [stdout]   --> src/guess_matcher.rs:96:23
[INFO] [stdout]    |
[INFO] [stdout] 96 |             | !counts.lanes_le(self.max_counts).all() {
[INFO] [stdout]    |                       ^^^^^^^^ help: there is a method with a similar name: `lanes`
[INFO] [stdout] 
[INFO] [stdout] 
[INFO] [stdout] error[E0599]: no method named `lanes_eq` found for struct `Simd` in the current scope
[INFO] [stdout]    --> src/guess_matcher.rs:100:31
[INFO] [stdout]     |
[INFO] [stdout] 100 |         if self.wrong_letters.lanes_eq(word).any() {
[INFO] [stdout]     |                               ^^^^^^^^ help: there is a method with a similar name: `lanes`
[INFO] [stdout] 
[INFO] [stdout] 
[INFO] [stdout] error[E0599]: no method named `lanes_eq` found for struct `Simd` in the current scope
[INFO] [stdout]    --> src/guess_matcher.rs:100:31
[INFO] [stdout]     |
[INFO] [stdout] 100 |         if self.wrong_letters.lanes_eq(word).any() {
[INFO] [stdout]     |                               ^^^^^^^^ help: there is a method with a similar name: `lanes`
[INFO] [stdout] 
[INFO] [stdout] 
[INFO] [stdout] error[E0599]: no method named `lanes_eq` found for struct `Simd` in the current scope
[INFO] [stdout]    --> src/guess_matcher.rs:105:37
[INFO] [stdout]     |
[INFO] [stdout] 105 |         let or = self.right_letters.lanes_eq(word) | self.right_letters.lanes_eq(zeros);
[INFO] [stdout]     |                                     ^^^^^^^^ help: there is a method with a similar name: `lanes`
[INFO] [stdout] 
[INFO] [stdout] 
[INFO] [stdout] error[E0599]: no method named `lanes_eq` found for struct `Simd` in the current scope
[INFO] [stdout]    --> src/guess_matcher.rs:105:37
[INFO] [stdout]     |
[INFO] [stdout] 105 |         let or = self.right_letters.lanes_eq(word) | self.right_letters.lanes_eq(zeros);
[INFO] [stdout]     |                                     ^^^^^^^^ help: there is a method with a similar name: `lanes`
[INFO] [stdout] 
[INFO] [stdout] 
[INFO] [stdout] error[E0599]: no method named `lanes_eq` found for struct `Simd` in the current scope
[INFO] [stdout]    --> src/guess_matcher.rs:105:73
[INFO] [stdout]     |
[INFO] [stdout] 105 |         let or = self.right_letters.lanes_eq(word) | self.right_letters.lanes_eq(zeros);
[INFO] [stdout]     |                                                                         ^^^^^^^^ help: there is a method with a similar name: `lanes`
[INFO] [stdout] 
[INFO] [stdout] 
[INFO] [stdout] error[E0599]: no method named `lanes_eq` found for struct `Simd` in the current scope
[INFO] [stdout]    --> src/guess_matcher.rs:105:73
[INFO] [stdout]     |
[INFO] [stdout] 105 |         let or = self.right_letters.lanes_eq(word) | self.right_letters.lanes_eq(zeros);
[INFO] [stdout]     |                                                                         ^^^^^^^^ help: there is a method with a similar name: `lanes`
[INFO] [stdout] 
[INFO] [stdout] 
[INFO] [stdout] error: aborting due to 5 previous errors
[INFO] [stdout] 
[INFO] [stdout] 
[INFO] [stdout] For more information about this error, try `rustc --explain E0599`.
[INFO] [stdout] 
[INFO] [stdout] error[E0308]: mismatched types
[INFO] [stdout]   --> src/test.rs:73:9
[INFO] [stdout]    |
[INFO] [stdout] 73 |         assert_eq!(m, m2);
[INFO] [stdout]    |         ^^^^^^^^^^^^^^^^^
[INFO] [stdout]    |         |
[INFO] [stdout]    |         expected `GuessMatcher`, found `Option<GuessMatcher>`
[INFO] [stdout]    |         expected because this is `GuessMatcher`
[INFO] [stdout]    |
[INFO] [stdout]    = note: expected struct `GuessMatcher`
[INFO] [stdout]                 found enum `Option<GuessMatcher>`
[INFO] [stdout]    = note: this error originates in the macro `assert_eq` (in Nightly builds, run with -Z macro-backtrace for more info)
[INFO] [stdout] 
[INFO] [stdout] 
[INFO] [stderr] error: could not compile `WordleSolve` (bin "WordleSolve") due to 6 previous errors
[INFO] [stderr] warning: build failed, waiting for other jobs to finish...
[INFO] [stdout] error[E0308]: mismatched types
[INFO] [stdout]   --> src/test.rs:78:9
[INFO] [stdout]    |
[INFO] [stdout] 78 |         assert_eq!(m, m2);
[INFO] [stdout]    |         ^^^^^^^^^^^^^^^^^
[INFO] [stdout]    |         |
[INFO] [stdout]    |         expected `GuessMatcher`, found `Option<GuessMatcher>`
[INFO] [stdout]    |         expected because this is `GuessMatcher`
[INFO] [stdout]    |
[INFO] [stdout]    = note: expected struct `GuessMatcher`
[INFO] [stdout]                 found enum `Option<GuessMatcher>`
[INFO] [stdout]    = note: this error originates in the macro `assert_eq` (in Nightly builds, run with -Z macro-backtrace for more info)
[INFO] [stdout] 
[INFO] [stdout] 
[INFO] [stdout] error[E0308]: mismatched types
[INFO] [stdout]   --> src/test.rs:83:9
[INFO] [stdout]    |
[INFO] [stdout] 83 |         assert_eq!(m, m2);
[INFO] [stdout]    |         ^^^^^^^^^^^^^^^^^
[INFO] [stdout]    |         |
[INFO] [stdout]    |         expected `GuessMatcher`, found `Option<GuessMatcher>`
[INFO] [stdout]    |         expected because this is `GuessMatcher`
[INFO] [stdout]    |
[INFO] [stdout]    = note: expected struct `GuessMatcher`
[INFO] [stdout]                 found enum `Option<GuessMatcher>`
[INFO] [stdout]    = note: this error originates in the macro `assert_eq` (in Nightly builds, run with -Z macro-backtrace for more info)
[INFO] [stdout] 
[INFO] [stdout] 
[INFO] [stdout] error[E0308]: mismatched types
[INFO] [stdout]   --> src/test.rs:88:9
[INFO] [stdout]    |
[INFO] [stdout] 88 |         assert_eq!(m, m2);
[INFO] [stdout]    |         ^^^^^^^^^^^^^^^^^
[INFO] [stdout]    |         |
[INFO] [stdout]    |         expected `GuessMatcher`, found `Option<GuessMatcher>`
[INFO] [stdout]    |         expected because this is `GuessMatcher`
[INFO] [stdout]    |
[INFO] [stdout]    = note: expected struct `GuessMatcher`
[INFO] [stdout]                 found enum `Option<GuessMatcher>`
[INFO] [stdout]    = note: this error originates in the macro `assert_eq` (in Nightly builds, run with -Z macro-backtrace for more info)
[INFO] [stdout] 
[INFO] [stdout] 
[INFO] [stdout] error[E0308]: mismatched types
[INFO] [stdout]   --> src/test.rs:93:9
[INFO] [stdout]    |
[INFO] [stdout] 93 |         assert_eq!(m, m2);
[INFO] [stdout]    |         ^^^^^^^^^^^^^^^^^
[INFO] [stdout]    |         |
[INFO] [stdout]    |         expected `GuessMatcher`, found `Option<GuessMatcher>`
[INFO] [stdout]    |         expected because this is `GuessMatcher`
[INFO] [stdout]    |
[INFO] [stdout]    = note: expected struct `GuessMatcher`
[INFO] [stdout]                 found enum `Option<GuessMatcher>`
[INFO] [stdout]    = note: this error originates in the macro `assert_eq` (in Nightly builds, run with -Z macro-backtrace for more info)
[INFO] [stdout] 
[INFO] [stdout] 
[INFO] [stdout] error: aborting due to 10 previous errors
[INFO] [stdout] 
[INFO] [stdout] 
[INFO] [stdout] Some errors have detailed explanations: E0308, E0599.
[INFO] [stdout] 
[INFO] [stdout] For more information about an error, try `rustc --explain E0308`.
[INFO] [stdout] 
[INFO] [stderr] error: could not compile `WordleSolve` (bin "WordleSolve" test) due to 11 previous errors
[INFO] running `Command { std: "docker" "inspect" "acda74a3c7e4ee0f73453e2be34a64b79d00dc48984f82ba4c28b847a2be48cb", kill_on_drop: false }`
[INFO] running `Command { std: "docker" "rm" "-f" "acda74a3c7e4ee0f73453e2be34a64b79d00dc48984f82ba4c28b847a2be48cb", kill_on_drop: false }`
[INFO] [stdout] acda74a3c7e4ee0f73453e2be34a64b79d00dc48984f82ba4c28b847a2be48cb
